{"id":84,"date":"2023-12-03T16:00:50","date_gmt":"2023-12-03T15:00:50","guid":{"rendered":"https:\/\/clos-biolette.fr\/?page_id=84"},"modified":"2023-12-03T17:40:15","modified_gmt":"2023-12-03T16:40:15","slug":"clos-biolette","status":"publish","type":"page","link":"https:\/\/clos-biolette.fr\/","title":{"rendered":"Clos Biolette"},"content":{"rendered":"\n<div class=\"wp-block-group alignfull has-accent-background-color has-background is-layout-flow wp-container-core-group-is-layout-6bf3b90a wp-block-group-is-layout-flow\" style=\"margin-top:0;margin-bottom:0;padding-top:0;padding-right:0;padding-bottom:0;padding-left:0\"><div id=\"metaslider-id-94\" style=\"width: 100%;\" class=\"ml-slider-3-50-0 metaslider metaslider-flex metaslider-94 ml-slider ms-theme-outline has-dots-nav\" role=\"region\" aria-roledescription=\"Slideshow\" aria-label=\"New Slideshow\">\n    <div id=\"metaslider_container_94\">\n        <div id=\"metaslider_94\">\n            <ul aria-live=\"polite\" class=\"slides\">\n                <li style=\"display: block; width: 100%;\" class=\"slide-95 ms-image\" aria-roledescription=\"slide\" aria-label=\"slide-95\"><img loading=\"lazy\" decoding=\"async\" src=\"https:\/\/clos-biolette.fr\/wp-content\/uploads\/2023\/12\/510431274-700x300.jpg\" height=\"300\" width=\"700\" alt=\"\" class=\"slider-94 slide-95\" title=\"510431274\" \/><\/li>\n                <li style=\"display: none; width: 100%;\" class=\"slide-96 ms-image\" aria-roledescription=\"slide\" aria-label=\"slide-96\"><img loading=\"lazy\" decoding=\"async\" src=\"https:\/\/clos-biolette.fr\/wp-content\/uploads\/2023\/11\/20230624_170633-scaled-e1700939767380-700x300.jpg\" height=\"300\" width=\"700\" alt=\"\" class=\"slider-94 slide-96\" title=\"20230624_170633\" \/><\/li>\n                <li style=\"display: none; width: 100%;\" class=\"slide-97 ms-image\" aria-roledescription=\"slide\" aria-label=\"slide-97\"><img loading=\"lazy\" decoding=\"async\" src=\"https:\/\/clos-biolette.fr\/wp-content\/uploads\/2023\/11\/cropped-20230624_170723-scaled-3-700x300.jpg\" height=\"300\" width=\"700\" alt=\"\" class=\"slider-94 slide-97\" title=\"cropped-20230624_170723-scaled-3.jpg\" \/><\/li>\n                <li style=\"display: none; width: 100%;\" class=\"slide-98 ms-image\" aria-roledescription=\"slide\" aria-label=\"slide-98\"><img loading=\"lazy\" decoding=\"async\" src=\"https:\/\/clos-biolette.fr\/wp-content\/uploads\/2023\/11\/IMG-20231030-WA0000-700x300.jpg\" height=\"300\" width=\"700\" alt=\"\" class=\"slider-94 slide-98\" title=\"IMG-20231030-WA0000\" \/><\/li>\n            <\/ul>\n        <\/div>\n        \n    <\/div>\n<\/div>\n<\/div>\n\n\n\n<div class=\"wp-block-group alignfull has-accent-background-color has-background has-global-padding is-layout-constrained wp-container-core-group-is-layout-669513ed wp-block-group-is-layout-constrained\" id=\"histoire\" style=\"margin-top:0;margin-bottom:0;padding-top:var(--wp--preset--spacing--50);padding-right:var(--wp--preset--spacing--50);padding-bottom:var(--wp--preset--spacing--50);padding-left:var(--wp--preset--spacing--50)\">\n<div class=\"wp-block-columns alignwide is-layout-flex wp-container-core-columns-is-layout-1da03c2a wp-block-columns-is-layout-flex\">\n<div class=\"wp-block-column is-layout-flow wp-block-column-is-layout-flow\">\n<h2 class=\"wp-block-heading\">Un peu d\u2019histoire,<\/h2>\n\n\n\n<p class=\"has-medium-font-size\">Le clos Biolette est l\u2019histoire d\u2019un jeune couple et d\u2019un ancien corps de ferme \u00e0 l\u2019abandon qui se rencontre par le plus grand des hasards un dimanche de mai il y a 30 ans.<\/p>\n\n\n\n<p>C\u2019est le coup de foudre d\u2019un picard d\u2019origine, expatri\u00e9 sur Paris pour le travail, sur ce terrain en pleine nature avec en son centre une maison, certes en piteuse \u00e9tat mais avec un potentiel \u00e9norme,&nbsp;les enfants qui jouent, des animaux heureux\u2026. Et surtout, un grand bol d\u2019air pur tous les jours au r\u00e9veil.<\/p>\n\n\n\n<p>Avec beaucoup de patience, d\u2019\u00e9nergie, d\u2019amis et de famille, pour r\u00e9aliser les travaux, petit \u00e0 petit la maison de campagne aux murs en torchis, aux pi\u00e8ces exig\u00fces, se transforme en une jolie long\u00e8re ou les poutres anciennes laissent apparaitre un \u00e9tage autrefois inhabitable.<\/p>\n\n\n\n<p>Cette maison aujourd\u2019hui c\u2019est l\u2019histoire d\u2019une famille, de notre famille.<\/p>\n\n\n\n<p>Ce lieu de f\u00eates et de partages a su remplir de souvenirs les m\u00e9moires de nos amis et de nos proches&nbsp;; nous esp\u00e9rons et nous vous invitons \u00e0 en faire de m\u00eame avec les v\u00f4tres<\/p>\n<\/div>\n<\/div>\n<\/div>\n\n\n\n<div class=\"wp-block-group alignfull has-base-background-color has-background has-global-padding is-layout-constrained wp-container-core-group-is-layout-d89aad35 wp-block-group-is-layout-constrained\" id=\"gite\" style=\"margin-top:0;margin-bottom:0;padding-top:var(--wp--preset--spacing--50);padding-right:var(--wp--preset--spacing--50);padding-bottom:var(--wp--preset--spacing--50);padding-left:var(--wp--preset--spacing--50)\">\n<div class=\"wp-block-columns alignwide is-layout-flex wp-container-core-columns-is-layout-549b0c86 wp-block-columns-is-layout-flex\">\n<div class=\"wp-block-column is-layout-flow wp-block-column-is-layout-flow\">\n<h2 class=\"wp-block-heading\">Le gite,<\/h2>\n\n\n\n<p>Situ\u00e9 \u00e0 Vismes, l\u2019h\u00e9bergement CLOS BIOLETTE offre une vue sur le jardin. Il poss\u00e8de une terrasse et une connexion Wi-Fi gratuite.&nbsp;Cette maison de vacances poss\u00e8de un jardin et un parking priv\u00e9 gratuit.<\/p>\n\n\n\n<p>Cette maison de vacances se compose de 4 chambres, d\u2019un salon, d\u2019une cuisine enti\u00e8rement \u00e9quip\u00e9e avec un r\u00e9frig\u00e9rateur et une machine \u00e0 caf\u00e9, ainsi que de 2 salles de bains avec une douche et un s\u00e8che-cheveux. Cette maison de vacances met \u00e0 votre disposition des serviettes et du linge de lit.<\/p>\n\n\n\n<p>L\u2019a\u00e9roport le plus proche (A\u00e9roport du Touquet-C\u00f4te d\u2019Opale) est implant\u00e9 \u00e0 74 km.<\/p>\n\n\n\n<p>Le Clos Biolette propose:<\/p>\n\n\n\n<ul class=\"wp-block-list\">\n<li>Wifi<\/li>\n\n\n\n<li>4 chambre<\/li>\n\n\n\n<li>2 salles de bain (2 douches, 1 baignore)<\/li>\n\n\n\n<li>&#8230;.<\/li>\n<\/ul>\n<\/div>\n\n\n\n<div class=\"wp-block-column is-layout-flow wp-block-column-is-layout-flow\">\n<figure class=\"wp-block-gallery has-nested-images columns-default is-cropped wp-block-gallery-1 is-layout-flex wp-block-gallery-is-layout-flex\">\n<figure class=\"wp-block-image size-large\"><img loading=\"lazy\" decoding=\"async\" width=\"1024\" height=\"880\" data-id=\"66\" src=\"https:\/\/clos-biolette.fr\/wp-content\/uploads\/2023\/11\/20231103_093530-scaled-e1700940795878-1024x880.jpg\" alt=\"\" class=\"wp-image-66\" srcset=\"https:\/\/clos-biolette.fr\/wp-content\/uploads\/2023\/11\/20231103_093530-scaled-e1700940795878-1024x880.jpg 1024w, https:\/\/clos-biolette.fr\/wp-content\/uploads\/2023\/11\/20231103_093530-scaled-e1700940795878-300x258.jpg 300w, https:\/\/clos-biolette.fr\/wp-content\/uploads\/2023\/11\/20231103_093530-scaled-e1700940795878-768x660.jpg 768w, https:\/\/clos-biolette.fr\/wp-content\/uploads\/2023\/11\/20231103_093530-scaled-e1700940795878.jpg 1440w\" sizes=\"auto, (max-width: 1024px) 100vw, 1024px\" \/><\/figure>\n\n\n\n<figure class=\"wp-block-image size-large\"><img loading=\"lazy\" decoding=\"async\" width=\"1024\" height=\"664\" data-id=\"56\" src=\"https:\/\/clos-biolette.fr\/wp-content\/uploads\/2023\/11\/20230624_170633-scaled-e1700939767380-1024x664.jpg\" alt=\"\" class=\"wp-image-56\" srcset=\"https:\/\/clos-biolette.fr\/wp-content\/uploads\/2023\/11\/20230624_170633-scaled-e1700939767380-1024x664.jpg 1024w, https:\/\/clos-biolette.fr\/wp-content\/uploads\/2023\/11\/20230624_170633-scaled-e1700939767380-300x194.jpg 300w, https:\/\/clos-biolette.fr\/wp-content\/uploads\/2023\/11\/20230624_170633-scaled-e1700939767380-768x498.jpg 768w, https:\/\/clos-biolette.fr\/wp-content\/uploads\/2023\/11\/20230624_170633-scaled-e1700939767380-1536x995.jpg 1536w, https:\/\/clos-biolette.fr\/wp-content\/uploads\/2023\/11\/20230624_170633-scaled-e1700939767380-2048x1327.jpg 2048w\" sizes=\"auto, (max-width: 1024px) 100vw, 1024px\" \/><\/figure>\n\n\n\n<figure class=\"wp-block-image size-large\"><img loading=\"lazy\" decoding=\"async\" width=\"1024\" height=\"576\" data-id=\"54\" src=\"https:\/\/clos-biolette.fr\/wp-content\/uploads\/2023\/11\/20231103_122342-1024x576.jpg\" alt=\"\" class=\"wp-image-54\" srcset=\"https:\/\/clos-biolette.fr\/wp-content\/uploads\/2023\/11\/20231103_122342-1024x576.jpg 1024w, https:\/\/clos-biolette.fr\/wp-content\/uploads\/2023\/11\/20231103_122342-300x169.jpg 300w, https:\/\/clos-biolette.fr\/wp-content\/uploads\/2023\/11\/20231103_122342-768x432.jpg 768w, https:\/\/clos-biolette.fr\/wp-content\/uploads\/2023\/11\/20231103_122342-1536x864.jpg 1536w, https:\/\/clos-biolette.fr\/wp-content\/uploads\/2023\/11\/20231103_122342-2048x1152.jpg 2048w\" sizes=\"auto, (max-width: 1024px) 100vw, 1024px\" \/><\/figure>\n\n\n\n<figure class=\"wp-block-image size-large\"><img loading=\"lazy\" decoding=\"async\" width=\"1024\" height=\"768\" data-id=\"53\" src=\"https:\/\/clos-biolette.fr\/wp-content\/uploads\/2023\/11\/IMG-20231030-WA0000-1024x768.jpg\" alt=\"\" class=\"wp-image-53\" srcset=\"https:\/\/clos-biolette.fr\/wp-content\/uploads\/2023\/11\/IMG-20231030-WA0000-1024x768.jpg 1024w, https:\/\/clos-biolette.fr\/wp-content\/uploads\/2023\/11\/IMG-20231030-WA0000-300x225.jpg 300w, https:\/\/clos-biolette.fr\/wp-content\/uploads\/2023\/11\/IMG-20231030-WA0000-768x576.jpg 768w, https:\/\/clos-biolette.fr\/wp-content\/uploads\/2023\/11\/IMG-20231030-WA0000-1536x1152.jpg 1536w, https:\/\/clos-biolette.fr\/wp-content\/uploads\/2023\/11\/IMG-20231030-WA0000.jpg 2016w\" sizes=\"auto, (max-width: 1024px) 100vw, 1024px\" \/><\/figure>\n<\/figure>\n<\/div>\n<\/div>\n\n\n\n<p><\/p>\n<\/div>\n\n\n\n<div class=\"wp-block-group alignfull has-accent-5-background-color has-background has-global-padding is-layout-constrained wp-container-core-group-is-layout-d89aad35 wp-block-group-is-layout-constrained\" style=\"margin-top:0;margin-bottom:0;padding-top:var(--wp--preset--spacing--50);padding-right:var(--wp--preset--spacing--50);padding-bottom:var(--wp--preset--spacing--50);padding-left:var(--wp--preset--spacing--50)\">\n<div class=\"wp-block-columns alignwide is-layout-flex wp-container-core-columns-is-layout-1da03c2a wp-block-columns-is-layout-flex\">\n<div class=\"wp-block-column is-vertically-aligned-center is-layout-flow wp-block-column-is-layout-flow\" style=\"flex-basis:60%\">\n<figure class=\"wp-block-image size-full has-custom-border is-style-rounded wp-duotone-unset-3 is-style-rounded--2\"><img loading=\"lazy\" decoding=\"async\" width=\"2000\" height=\"1200\" src=\"http:\/\/clos-biolette.fr\/wp-content\/uploads\/2023\/11\/cropped-20230624_170723-scaled-3.jpg\" alt=\"\" class=\"wp-image-48\" style=\"border-style:none;border-width:0px;border-radius:0px;aspect-ratio:4\/3;object-fit:cover\" srcset=\"https:\/\/clos-biolette.fr\/wp-content\/uploads\/2023\/11\/cropped-20230624_170723-scaled-3.jpg 2000w, https:\/\/clos-biolette.fr\/wp-content\/uploads\/2023\/11\/cropped-20230624_170723-scaled-3-300x180.jpg 300w, https:\/\/clos-biolette.fr\/wp-content\/uploads\/2023\/11\/cropped-20230624_170723-scaled-3-1024x614.jpg 1024w, https:\/\/clos-biolette.fr\/wp-content\/uploads\/2023\/11\/cropped-20230624_170723-scaled-3-768x461.jpg 768w, https:\/\/clos-biolette.fr\/wp-content\/uploads\/2023\/11\/cropped-20230624_170723-scaled-3-1536x922.jpg 1536w\" sizes=\"auto, (max-width: 2000px) 100vw, 2000px\" \/><\/figure>\n<\/div>\n\n\n\n<div class=\"wp-block-column is-layout-flow wp-block-column-is-layout-flow\" style=\"flex-basis:40%\">\n<p>A la d\u00e9couverte de la Somme, entre mer et campagne, accordez-vous une pause verdoyante. D\u00e9tente, confort et calme sont les ma\u00eetres mots d\u2019un s\u00e9jour au Clos Biolette. Cette long\u00e8re spacieuse et conviviale, est le lieu contemporain id\u00e9al dans un \u00e9crin rustique, pour passer d\u2019agr\u00e9ables moments en famille ou entre amis,<br><\/p>\n\n\n\n<p>Amoureux de ce terroir et de leur patrimoine, Sylvie et Didier sont enthousiastes \u00e0 l\u2019id\u00e9e de vous accueillir dans leur maison de famille.<br><\/p>\n\n\n\n<p>Le clos Biolette est situ\u00e9 dans un Hameau \u00e0 20 minutes de la baie de Somme et \u00e0 30 minutes des falaises de Mers les Bains. Les \u00e9tangs de p\u00eache de la Vall\u00e9e de la Bresle et le ch\u00e2teau de Rambures se situent \u00e0 moins de 10 minutes. Le Clos Biolette se trouve \u00e0 5 minutes de l\u2019A28 et 10 minutes de l\u2019A16<\/p>\n<\/div>\n<\/div>\n<\/div>\n\n\n\n<div class=\"wp-block-group alignfull has-global-padding is-content-justification-center is-layout-constrained wp-container-core-group-is-layout-07713731 wp-block-group-is-layout-constrained\" id=\"acces\" style=\"margin-top:0;margin-bottom:0;padding-top:var(--wp--preset--spacing--50);padding-right:var(--wp--preset--spacing--50);padding-bottom:var(--wp--preset--spacing--50);padding-left:var(--wp--preset--spacing--50)\">\n<h2 class=\"wp-block-heading has-text-align-center\">Acc\u00e8s<\/h2>\n\n\n\n<div class=\"wp-block-group has-global-padding is-layout-constrained wp-container-core-group-is-layout-ded41046 wp-block-group-is-layout-constrained\" style=\"border-style:none;border-width:0px;margin-top:var(--wp--preset--spacing--10);margin-bottom:var(--wp--preset--spacing--10);padding-top:0;padding-right:0;padding-bottom:0;padding-left:0\">\n<iframe src=\"https:\/\/www.google.com\/maps\/embed?pb=!1m18!1m12!1m3!1d2565.164452824582!2d1.677948177169926!3d49.989526171507926!2m3!1f0!2f0!3f0!3m2!1i1024!2i768!4f13.1!3m3!1m2!1s0x47e7588c71ba5ae1%3A0x6004ae0e75247c68!2s15%20Grande%20Rue%2C%2080140%20Vismes!5e0!3m2!1sfr!2sfr!4v1701615619249!5m2!1sfr!2sfr\" width=\"600\" height=\"450\" style=\"border:0;\" allowfullscreen=\"\" loading=\"lazy\" referrerpolicy=\"no-referrer-when-downgrade\"><\/iframe>\n<\/div>\n<\/div>\n\n\n\n<div class=\"wp-block-group alignfull has-accent-5-background-color has-background has-global-padding is-layout-constrained wp-block-group-is-layout-constrained\" id=\"contact\" style=\"padding-top:var(--wp--preset--spacing--30);padding-bottom:var(--wp--preset--spacing--30)\">\n<h2 class=\"wp-block-heading\">Contact<\/h2>\n\n\n<style id=\"wpforms-css-vars-root\">\n\t\t\t\t:root {\n\t\t\t\t\t--wpforms-field-border-radius: 3px;\n--wpforms-field-background-color: #ffffff;\n--wpforms-field-border-color: rgba( 0, 0, 0, 0.25 );\n--wpforms-field-text-color: rgba( 0, 0, 0, 0.7 );\n--wpforms-label-color: rgba( 0, 0, 0, 0.85 );\n--wpforms-label-sublabel-color: rgba( 0, 0, 0, 0.55 );\n--wpforms-label-error-color: #d63637;\n--wpforms-button-border-radius: 3px;\n--wpforms-button-background-color: #066aab;\n--wpforms-button-text-color: #ffffff;\n--wpforms-field-size-input-height: 43px;\n--wpforms-field-size-input-spacing: 15px;\n--wpforms-field-size-font-size: 16px;\n--wpforms-field-size-line-height: 19px;\n--wpforms-field-size-padding-h: 14px;\n--wpforms-field-size-checkbox-size: 16px;\n--wpforms-field-size-sublabel-spacing: 5px;\n--wpforms-field-size-icon-size: 1;\n--wpforms-label-size-font-size: 16px;\n--wpforms-label-size-line-height: 19px;\n--wpforms-label-size-sublabel-font-size: 14px;\n--wpforms-label-size-sublabel-line-height: 17px;\n--wpforms-button-size-font-size: 17px;\n--wpforms-button-size-height: 41px;\n--wpforms-button-size-padding-h: 15px;\n--wpforms-button-size-margin-top: 10px;\n\n\t\t\t\t}\n\t\t\t<\/style><div class=\"wpforms-container wpforms-container-full wpforms-block wpforms-block-ccbe9cd2-532e-4f8b-802d-5b713c871ae6 wpforms-render-modern\" id=\"wpforms-107\"><form id=\"wpforms-form-107\" class=\"wpforms-validate wpforms-form wpforms-ajax-form\" data-formid=\"107\" method=\"post\" enctype=\"multipart\/form-data\" action=\"\/index.php?rest_route=%2Fwp%2Fv2%2Fpages%2F84\" data-token=\"0a99ac578a5327a2981e7dd1c172db54\"><noscript class=\"wpforms-error-noscript\">Please enable JavaScript in your browser to complete this form.<\/noscript><div class=\"wpforms-hidden\" id=\"wpforms-error-noscript\">Please enable JavaScript in your browser to complete this form.<\/div><div class=\"wpforms-field-container\"><div id=\"wpforms-107-field_0-container\" class=\"wpforms-field wpforms-field-name\" data-field-id=\"0\"><label class=\"wpforms-field-label\" for=\"wpforms-107-field_0\">Nom <span class=\"wpforms-required-label\" aria-hidden=\"true\">*<\/span><\/label><input type=\"text\" id=\"wpforms-107-field_0\" class=\"wpforms-field-medium wpforms-field-required\" name=\"wpforms[fields][0]\" aria-errormessage=\"wpforms-107-field_0-error\" required><\/div><div id=\"wpforms-107-field_1-container\" class=\"wpforms-field wpforms-field-email\" data-field-id=\"1\"><label class=\"wpforms-field-label\" for=\"wpforms-107-field_1\">Email <span class=\"wpforms-required-label\" aria-hidden=\"true\">*<\/span><\/label><input type=\"email\" id=\"wpforms-107-field_1\" class=\"wpforms-field-medium wpforms-field-required\" name=\"wpforms[fields][1]\" spellcheck=\"false\" aria-errormessage=\"wpforms-107-field_1-error\" required><\/div><div id=\"wpforms-107-field_2-container\" class=\"wpforms-field wpforms-field-textarea\" data-field-id=\"2\"><label class=\"wpforms-field-label\" for=\"wpforms-107-field_2\">Message <span class=\"wpforms-required-label\" aria-hidden=\"true\">*<\/span><\/label><textarea id=\"wpforms-107-field_2\" class=\"wpforms-field-medium wpforms-field-required\" name=\"wpforms[fields][2]\" aria-errormessage=\"wpforms-107-field_2-error\" required><\/textarea><\/div><\/div><!-- .wpforms-field-container --><div class=\"wpforms-submit-container\" ><input type=\"hidden\" name=\"wpforms[id]\" value=\"107\"><input type=\"hidden\" name=\"wpforms[author]\" value=\"2\"><button type=\"submit\" name=\"wpforms[submit]\" id=\"wpforms-submit-107\" class=\"wpforms-submit\" data-alt-text=\"Envoi en cours\" data-submit-text=\"Envoyer\" aria-live=\"assertive\" value=\"wpforms-submit\">Envoyer<\/button><img loading=\"lazy\" decoding=\"async\" src=\"https:\/\/clos-biolette.fr\/wp-content\/plugins\/wpforms-lite\/assets\/images\/submit-spin.svg\" class=\"wpforms-submit-spinner\" style=\"display: none;\" width=\"26\" height=\"26\" alt=\"Loading\"><\/div><\/form><\/div>  <!-- .wpforms-container --><\/div>\n","protected":false},"excerpt":{"rendered":"<p>Un peu d\u2019histoire, Le clos Biolette est l\u2019histoire d\u2019un jeune couple et d\u2019un ancien corps de ferme \u00e0 l\u2019abandon qui se rencontre par le plus grand des hasards un dimanche de mai il y a 30 ans. C\u2019est le coup de foudre d\u2019un picard d\u2019origine, expatri\u00e9 sur Paris pour le travail, sur ce terrain en [&hellip;]<\/p>\n","protected":false},"author":2,"featured_media":0,"parent":0,"menu_order":0,"comment_status":"closed","ping_status":"closed","template":"page-no-title","meta":{"_monsterinsights_skip_tracking":false,"_monsterinsights_sitenote_active":false,"_monsterinsights_sitenote_note":"","_monsterinsights_sitenote_category":0,"footnotes":""},"class_list":["post-84","page","type-page","status-publish","hentry"],"_links":{"self":[{"href":"https:\/\/clos-biolette.fr\/index.php?rest_route=\/wp\/v2\/pages\/84","targetHints":{"allow":["GET"]}}],"collection":[{"href":"https:\/\/clos-biolette.fr\/index.php?rest_route=\/wp\/v2\/pages"}],"about":[{"href":"https:\/\/clos-biolette.fr\/index.php?rest_route=\/wp\/v2\/types\/page"}],"author":[{"embeddable":true,"href":"https:\/\/clos-biolette.fr\/index.php?rest_route=\/wp\/v2\/users\/2"}],"replies":[{"embeddable":true,"href":"https:\/\/clos-biolette.fr\/index.php?rest_route=%2Fwp%2Fv2%2Fcomments&post=84"}],"version-history":[{"count":25,"href":"https:\/\/clos-biolette.fr\/index.php?rest_route=\/wp\/v2\/pages\/84\/revisions"}],"predecessor-version":[{"id":137,"href":"https:\/\/clos-biolette.fr\/index.php?rest_route=\/wp\/v2\/pages\/84\/revisions\/137"}],"wp:attachment":[{"href":"https:\/\/clos-biolette.fr\/index.php?rest_route=%2Fwp%2Fv2%2Fmedia&parent=84"}],"curies":[{"name":"wp","href":"https:\/\/api.w.org\/{rel}","templated":true}]}}